. List the prime factors of m.
43
Suppose -8 = 2*n - 4*n. Suppose -n*r = -2*r - 38. List the prime factors of r.
19
Let o = 60 - 28. What are the prime factors of o?
2
Let c(z) = 3*z - 2. Let m be c(-7). Let i = m + 35. List the prime factors of i.
2, 3
Suppose 8 = 5*a - 12. What are the prime factors of (-62)/(-5) + a/(-10)?
2, 3
Let k be (1 - 2)*2/(-2). Suppose s = 11 + k. What are the prime factors of s?
2, 3
Suppose 10 + 0 = -5*f. Let v be (4*f)/(4/(-8)). Suppose 5*m - v = m. List the prime factors of m.
2
Let s = 71 + -32. Let l(y) = -8*y - 1. Let h be l(-1). Suppose -h*f + 5*q + 33 = -3*f, 0 = -5*f + 4*q + s. List the prime factors of f.
7
Let h(q) = -q**2 - q. Let x(a) = 2*a**2 - 3*a - 2. Let r(g) = -5*h(g) + x(g). List the prime factors of r(-2).
2, 11
Let z(k) = -k + 3. Let x be z(4). Let h = x - -7. Let j = 15 - h. What are the prime factors of j?
3
Suppose 0 = 4*o - 5*o + 31. What are the prime factors of o?
31
Let s(x) = x**3 - 5*x**2 - 12*x + 34. List the prime factors of s(7).
2, 3
Suppose 0 = 4*s - 0*a - a - 24, -3*s = -5*a - 35. Suppose 4*d - b = 17, -s*d + 29 = 5*b - 11. List the prime factors of d.
5
Let d be -3 + (-1 - (-2 - 36)). Suppose d = -n + 3*n. Suppose 2*x = 1 + n. List the prime factors of x.
3
Let c(p) = 3*p**2 - 10*p**3 + 1 - p + 0*p**2 + 9*p**3. Let n be c(2). Suppose -n*o + g = -39 + 2, -4*g - 38 = -2*o. List the prime factors of o.
11
Suppose -3*w = -8*w - 35. Let s(o) = -3*o - 7. List the prime factors of s(w).
2, 7
What are the prime factors of -6 + 2 + 3 - -47?
2, 23
Let b(m) = -m - 1. Let y be b(-4). Let l = 4 - y. Let n(i) = 14*i**3 + 2*i - 1. List the prime factors of n(l).
3, 5
Let s = -12 - -37. What are the prime factors of s?
5
Let k be ((-42)/2)/(6/(-4)). List the prime factors of 10/(-70) - (-212)/k.
3, 5
Suppose -u - 2*o = -18 - 43, -3*u = 2*o - 179. List the prime factors of u.
59
Let f(a) = a + 4. Suppose 5*c - q = -3*q + 23, -4*q + 13 = -c. List the prime factors of f(c).
7
List the prime factors of (-79)/(-2*2/4).
79
Let z = -12 - -19. Suppose z*x - 80 = 2*x. What are the prime factors of x?
2
Let z = 1 + -3. Suppose 63 - 75 = -4*o. What are the prime factors of (-4)/o*3/z?
2
Suppose 0 = -5*t + 5, 4*m + m - 4*t + 59 = 0. Let z = -5 - m. List the prime factors of 28/(-6)*z/(-4).
7
Suppose 13*j - 2632 = 5*j. List the prime factors of j.
7, 47
Let s(f) = -f**3 + 2*f**2. What are the prime factors of s(-2)?
2
Let h(p) be the third derivative of -p**4/4 + p**3/6 - 3*p**2. What are the prime factors of h(-4)?
5
Let v(w) be the third derivative of w**5/60 - w**4/12 + w**3/3 + w**2. Let b be v(2). Suppose b*p + 2*z - 10 = 0, p + 3*z + 3 = -0. List the prime factors of p.
3
Let s(z) = -z + 12. Let y be s(6). List the prime factors of 27/y - (-3)/2.
2, 3
Suppose -116 = -13*h + 9*h. What are the prime factors of h?
29
Let y be ((5 - 3)/1)/1. Suppose 7*x - y*x = 5*o - 70, -3*x = 15. What are the prime factors of o?
3
Suppose 5*q - 39 = 4*g, 5*q - 5*g + 0 = 40. Suppose -3*y - 28 = -q*y. List the prime factors of y.
7
Suppose 3*d = -2 + 32. What are the prime factors of d?
2, 5
Suppose -2*m + r + 49 = 17, 3*r + 28 = 2*m. What are the prime factors of m?
17
Suppose -5*w + 4*c = 34, 7 = -3*w - 5*c - 43. Let b = 14 + w. Suppose 4 = -b*x - 4*v, -2*v - 1 = 9. What are the prime factors of x?
2
Let y = -172 + 71. Let o = -70 - y. List the prime factors of o.
31
Let a(v) = -27*v - 8. List the prime factors of a(-3).
73
Let a(g) = 1 - 4*g**3 + g + 3*g**3 + 3*g - 2*g**2 - 5*g. What are the prime factors of a(-2)?
3
Let o(a) = -a**2 + 4*a + 5. Let n be o(5). Let f(w) = w**2 + 5. Let u be f(n). Suppose -u*t + 8 = -12. What are the prime factors of t?
2
Let d(p) = 26*p**2 - 2*p - 1. What are the prime factors of d(-1)?
3
Let r(z) = z**3 + z**2 - z + 1. Let t be r(2). Suppose -f - p + 3 = -2, -2*f - 3*p = -t. Suppose 8 = 2*q - 2*l, f*l = -2*q + 2*l. List the prime factors of q.
2
Let a(x) = x**2 - x. Let p be a(3). Let i = -13 + 9. Let v = p + i. What are the prime factors of v?
2
Let f(v) = 4*v**2 + v - 1. Let l be f(1). Let g(p) = -p**3 + 5*p**2 - 3*p - 5. Let h be g(l). Let m = 5 + h. List the prime factors of m.
2
Suppose -9 = -3*f + 2*f. Let k(d) = d**3 - 10*d**2 + 10*d - 5. List the prime factors of k(f).
2
Let v(y) = 80*y**2 - 3*y + 7. Let p(d) = -27*d**2 + d - 2. Let w(u) = -7*p(u) - 2*v(u). List the prime factors of w(-1).
2, 3, 5
Let o(f) = 9*f - 2. Let t(n) = -4*n + 1. Let k(z) = 2*o(z) + 5*t(z). What are the prime factors of k(-3)?
7
Let h(u) = 8*u**2 + 14*u + 6. Let q(l) = l - 3*l + 2*l + 5*l + 2 + 3*l**2. Let c(o) = -5*h(o) + 14*q(o). What are the prime factors of c(-2)?
2, 3
Let k(u) = 6*u**2 + u + 1. Let l be k(-1). Let s be 4/14 - 36/28. List the prime factors of 3/(-3)*s + l.
7
List the prime factors of (54/(-5))/(3/(-10)).
2, 3
Suppose 969 = 8*g - 231. What are the prime factors of g?
2, 3, 5
Let w(g) = -g**2 + 10*g - 7. Let q be w(9). Suppose q*b = 4*b - 8. Suppose -b*d + 3*t + 38 = -0*d, 10 = -5*t. List the prime factors of d.
2
Let i(u) = -u**3 - 3*u**2 - 5*u - 3. Let c be (-26)/10 + (-6)/15. List the prime factors of i(c).
2, 3
Let i(w) = w**3 + 5*w**2 + w + 5. Let m be i(-5). Suppose 35 = -m*u + 5*u. List the prime factors of u.
7
Let o be (-235)/(-45) + 2/(-9). Suppose 3*u + o = -4. Let q = u - -20. What are the prime factors of q?
17
Suppose 2*d + 0 = 10. Suppose 4*w - 2*n = 6, n - 9 = -d*w + 9. Suppose -7*f + 3*c = -w*f - 48, f = -c + 12. List the prime factors of f.
2, 3
Suppose -y = 4*x - 98, 0 = 3*x + 2*y + 22 - 98. What are the prime factors of x?
2, 3
Suppose 4*q + 3*g - 60 = -g, 5*q + 2*g - 75 = 0. Let j be 453/15 + (-3)/q. Suppose n - 3*n + j = 0. What are the prime factors of n?
3, 5
Let d(o) = o**3 - 10*o**2 - 11*o + 5. Let l be d(11). Suppose -l*c = -3*c - 46. List the prime factors of c.
23
Suppose -4*i = 26 - 178. What are the prime factors of i?
2, 19
Let u(g) = g**2 + 6*g - 9. Let v be u(-8). Let q = v + -4. What are the prime factors of (6 - q) + 0 + 1?
2
Suppose 5*t + u - 378 = 362, -167 = -t - 4*u. What are the prime factors of t?
3, 7
Suppose 4*n - 10 = s - 1, 5*n = s + 12. Let a be 1*(s/3 + 15). Suppose 2*h - q + 18 = 3*h, -a = -2*h + 3*q. List the prime factors of h.
2, 7
Let a(o) = 2*o**3 + o - 6. What are the prime factors of a(3)?
3, 17
Suppose 2*k = 2*m - 34, -3*m - 41 = k + 2*m. Let s be 44/7 - (-6)/k. Suppose i + 0 = s. List the prime factors of i.
2, 3
Suppose 88 = -4*j + 248. What are the prime factors of j?
2, 5
Let i(n) be the second derivative of n**4/24 + 2*n**3/3 - n**2/2 + n. Let k(h) be the first derivative of i(h). List the prime factors of k(3).
7
Suppose -5*d + 5*c = 275, 2*c + 5 = -d - 35. What are the prime factors of (d/8)/(11/(-44))?
5
Suppose -4*q - 197 + 589 = 0. List the prime factors of q.
2, 7
Let r(d) = 10*d**2 - 12*d - 1. List the prime factors of r(-3).
5
Let f(s) = s**3 + 11*s**2 - 2*s - 16. Let d be -8 + 0 + 0 - 3. List the prime factors of f(d).
2, 3
Let u(j) = 3*j**2 + 4*j + 1. List the prime factors of u(3).
2, 5
Let d(y) = y**3 - 3*y**2 - 3*y - 1. Suppose 2*k = -2*s + 4, s - 2*s + 4*k = -12. Let v be d(s). What are the prime factors of 2/(-4)*(-72)/v?
2, 3
Let b(r) be the second derivative of r**3/6 + 2*r. Let k be b(3). Suppose -k*j + 0*j + 33 = 2*m, 0 = -2*j + 4*m + 22. List the prime factors of j.
11
Let f be 1*(-141)/12*4. List the prime factors of (-1)/(f/(-16) + -3).
2
Let y = 3 - 2. Let j be (-2 - 0) + (y - -5). Suppose 0 = -2*t + j*h + 10 + 18, -4*t = 3*h - 12. List the prime factors of t.
2, 3
Suppose -402 = -7*m + m. What are the prime factors of m?
67
Let j(s) = s**2 + s - 10. What are the prime factors of j(13)?
2, 43
Suppose u - 4*o - 39 = 0, 0*o + 42 = 3*u + 3*o. List the prime factors of u.
19
Suppose 0 = 3*i - 2 - 4. Suppose -s = i*s. Suppose s = -4*v + 29 + 11. What are the prime factors of v?
2, 5
Let w = 638 - 358. What are the prime factors of w?
2, 5, 7
Let z(q) = -q**3 - 4*q**2 - 7. Let a be z(-5). List the prime factors of (-6)/a - 68/(-6).
11
Let n(f) = -39*f + 6. What are the prime factors of n(-2)?
2, 3, 7
Let v = 135 - 32. Let p = v - 71. Suppose -3*d + p = d - u, 40 = 5*d + 4*u. What are the prime factors of d?
2
Let j = -8 - -11. Suppose -4 = 2*s - j*s. List the prime factors of s.
2
Let m(w) = -2 + 3 - w*